e p(-4).
-3
Let b(w) = -w**3 - 23*w**2 + 2*w + 42. Determine b(-23).
-4
Let d(s) = -s**2 - 16*s + 20. Calculate d(-12).
68
Let s(w) = w**2 - 8*w + 7. Calculate s(6).
-5
Let t(o) = -o**3 + 3*o**2 + 5*o - 11. What is t(4)?
-7
Let u(a) = 2*a**2 + 6*a - 25. Give u(3).
11
Let h(c) = -3*c - 16. Calculate h(-7).
5
Let n(h) = 5*h - 19. Give n(5).
6
Let d(f) = -3*f - 18. Give d(-8).
6
Let l(n) = n**3 - 19*n**2 - n + 21. What is l(19)?
2
Let x(m) = -m**3 + 23*m**2 - 126*m - 7. Give x(14).
-7
Let h(b) = -19*b - 6. Determine h(3).
-63
Let j(t) = t**3 - 20*t**2 + 20*t - 27. Determine j(19).
-8
Let n(f) = 7*f**3 + 77*f**2 - 2*f - 21. Calculate n(-11).
1
Let o(u) = -16*u - 27. Calculate o(6).
-123
Let z(l) = l**2 - 7*l + 12. Determine z(9).
30
Let v(x) = x + 16. Determine v(-22).
-6
Let f(y) = y**3 + 2*y**2 + 3. What is f(3)?
48
Let x(w) = 7*w**3 - w**2 - 2*w - 2. Calculate x(-1).
-8
Let s(t) = -27*t**2 - 3*t - 4. Calculate s(-1).
-28
Let y(m) = -156*m + 457. Calculate y(3).
-11
Let x(z) = -z**3 - 9*z**2 + 53*z - 13. Calculate x(4).
-9
Let f(q) = -42*q + 376. Determine f(9).
-2
Let t(n) = 3*n + 73. Calculate t(-19).
16
Let i(w) = -w**2 - w + 6. Give i(5).
-24
Let i(x) = -x**2 + 5*x + 5. Give i(5).
5
Let f(d) = d**2 - 110*d + 1735. Give f(91).
6
Let n(x) = x**2 - 6*x + 4. Calculate n(4).
-4
Let m(o) = -o**3 - 21*o**2 - 23*o - 53. What is m(-20)?
7
Let g(n) = 13*n + 26. What is g(-6)?
-52
Let x(s) = -3*s**3 + 35*s**2 + 11*s - 12. Give x(12).
-24
Let t(c) = -c**3 + 7*c**2 - 3*c + 7. What is t(7)?
-14
Let l(o) = -21*o + 5. Give l(2).
-37
Let w(p) = 2*p**3 - p. Determine w(-4).
-124
Let x(s) = -s**2 - 9*s - 14. Give x(-4).
6
Let b(h) = h**3 - 4*h + 1. Give b(4).
49
Let f(y) = -y**3 - 2*y**2 - 4*y - 1. Calculate f(0).
-1
Let h(m) = -m**3 - 9*m**2 - 11*m + 2. Determine h(-8).
26
Let j(f) = -12*f. Calculate j(3).
-36
Let t(c) = c**2 + c + 7. Determine t(-6).
37
Let b(x) = -11*x - 5. What is b(-3)?
28
Let z(x) = x - 2. Determine z(0).
-2
Let u(j) = -j**3 + 3*j**2 + 5*j + 6. Give u(5).
-19
Let n(c) = 2*c. Give n(3).
6
Let l(g) = 2*g**2 - 18*g + 1. Determine l(13).
105
Let q(h) = 4*h. Calculate q(-7).
-28
Let i(b) = b**2 + 11*b + 1. Determine i(-9).
-17
Let s(l) = 71*l**2 + 2*l - 2. Calculate s(1).
71
Let b(y) = -y**3 + 8*y**2 + 5*y - 7. Calculate b(8).
33
Let w(d) = -2*d**3 + 16*d**2 + 16*d - 9. Determine w(9).
-27
Let p(k) = -k**2 + 26*k - 29. Determine p(25).
-4
Let f(d) = -d**3 - d - 93. What is f(0)?
-93
Let l(v) = v**3 - 12*v**2 + 4*v - 24. What is l(12)?
24
Let m(k) = -k**3 - 8*k**2 - 15*k - 7. What is m(-5)?
-7
Let h(y) = -36*y**2. Give h(-1).
-36
Let d(i) = 2*i - 7. Determine d(-4).
-15
Let s(y) = -2*y**2 - 5*y - 2. What is s(-4)?
-14
Let z(l) = l**3 - 11*l**2 - 2*l + 16. Give z(11).
-6
Let g(t) = -t**2 + 11*t - 36. Calculate g(8).
-12
Let p(n) = 2*n + 16. Determine p(-8).
0
Let o(z) = -6*z + 135. What is o(24)?
-9
Let r(m) = -27*m + 341. What is r(12)?
17
Let i(z) = z**2 + 6*z + 6. Calculate i(-4).
-2
Let d(k) = 21*k + 30. Determine d(-2).
-12
Let b(q) = -q - 3. Give b(-4).
1
Let d(n) = 4*n**2 - 5*n + 3. Determine d(1).
2
Let q(l) = -l**3 + 4*l**2 + 2*l - 8. Determine q(0).
-8
Let m(s) = 37*s + 22. Calculate m(1).
59
Let v(a) = 21*a**3 + 2*a**2 + a. Calculate v(-1).
-20
Let v(a) = 11*a - 1. Give v(2).
21
Let u(t) = 4*t**2 - 2*t - 42. Give u(6).
90
Let n(v) = v**2 + 47*v + 431. Calculate n(-13).
-11
Let r(y) = -y**3 - 9*y**2 - 3*y - 25. Calculate r(-9).
2
Let y(r) = 2*r**2 - 24*r - 54. Calculate y(14).
2
Let k(u) = u**3 - 3*u**2 - u - 5. Calculate k(4).
7
Let v(t) = t**2 - 3*t - 10. Give v(4).
-6
Let a(o) = -o**2 + 12*o + 4. Calculate a(14).
-24
Let q(i) = i**2 - 6. What is q(3)?
3
Let b(f) = 3*f - 24. Calculate b(13).
15
Let u(o) = -2*o**3 - o**2 - o + 1. Determine u(2).
-21
Let u(m) = 3*m**2 + 8*m - 3. Give u(-4).
13
Let m(w) = -17*w + 16. Determine m(0).
16
Let c(f) = -f**2 - 6*f - 27. Calculate c(-5).
-22
Let c(w) = w**2 - 8*w + 7. Give c(5).
-8
Let b(y) = -18*y - 21. Calculate b(7).
-147
Let j(s) = 3*s**2 - 16*s - 14. Calculate j(6).
-2
Let p(s) = 6*s + 169. Determine p(-27).
7
Let u(m) = -m + 11. What is u(11)?
0
Let z(d) = d - 6. Calculate z(15).
9
Let h(g) = g**2 - 12*g + 15. Determine h(6).
-21
Let j(x) = x**3 - 24*x**2 - 24*x. Give j(25).
25
Let c(a) = -4*a**2 - 21*a + 8. Calculate c(-6).
-10
Let g(v) = v**2 + 19*v + 61. Give g(-12).
-23
Let i(f) = f**3 + f**2 - f - 8. Determine i(3).
25
Let i(b) = b - 1. Calculate i(3).
2
Let v(x) = x**2 + 44*x + 7. Give v(0).
7
Let z(g) = 9*g - 35. Calculate z(5).
10
Let z(x) = -x + 70. Give z(0).
70
Let g(m) = -m**2 - 22*m + 83. What is g(3)?
8
Let z(k) = k - 12. Calculate z(8).
-4
Let f(h) = h + 28. Give f(-19).
9
Let o(z) = z**2 - 6*z - 17. Give o(8).
-1
Let s(w) = -6*w**2 + 39*w - 13. Give s(6).
5
Let r(y) = y**2 - 13*y - 38. Calculate r(-3).
10
Let y(p) = 27*p**3 + 2*p**2 - p. Give y(1).
28
Let y(c) = -c**3 - 3*c**2 + c - 44. Calculate y(0).
-44
Let r(i) = -24*i + 954. Give r(40).
-6
Let t(s) = -s**3 + 38*s**2 - 35*s - 73. What is t(37)?
1
Let u(w) = -14*w**2 - 2. What is u(3)?
-128
Let a(l) = l**2 + 4*l - 11. Calculate a(3).
10
Let c(b) = -b**2 - 21. What is c(8)?
-85
Let r(h) = h**3 + 7*h**2 + 3*h - 1. Give r(-6).
17
Let u(c) = 7*c - 13. Calculate u(3).
8
Let i(q) = -q**2 + 69*q - 323. Give i(64).
-3
Let h(b) = 31*b - 2076. What is h(67)?
1
Let x(s) = -15*s**3 + 4*s**2 - 5*s + 3. What is x(2)?
-111
Let r(q) = -q**3 + 12*q**2 + 33*q + 22. What is r(14)?
92
Let v(o) = -7*o - 5. Give v(7).
-54
Let u(j) = j**2 + 13*j - 75. Determine u(-17).
-7
Let u(i) = -i**3 - 13*i**2 - 8*i + 47. What is u(-12)?
-1
Let k(h) = -18*h + 3. Give k(4).
-69
Let s(v) = -8*v**2 + 3*v - 3. What is s(1)?
-8
Let m(k) = -6*k**3 + k**2 - 3. Determine m(-2).
49
Let c(x) = x**2 + 24*x + 6. Determine c(-8).
-122
Let f(x) = -2*x**2 - 14*x - 10. Determine f(-4).
14
Let r(o) = o**2 - 6*o + 12. What is r(3)?
3
Let u(c) = -6*c + 97. Calculate u(17).
-5
Let f(w) = -w**3 - 16*w**2 + 3*w + 58. Determine f(-16).
10
Let y(j) = j**3 + 15*j**2 + 40*j - 1. Give y(-12).
-49
Let g(y) = -27*y + 102. Calculate g(4).
-6
Let y(k) = 21*k**3 + 2*k**2 - 2*k. Determine y(1).
21
Let p(d) = 80*d + 234. Calculate p(-3).
-6
Let b(v) = -3*v - 14. What is b(-5)?
1
Let v(j) = -j**2 + 13*j - 20. Calculate v(11).
2
Let k(n) = -n**3 + 2*n**2 - 2*n + 3. Give k(3).
-12
Let q(y) = 2*y**2 + 26*y + 28. Give q(-9).
-44
Let x(d) = -2*d**2 - 7*d + 5. Calculate x(-6).
-25
Let i(r) = -2*r**2 - r + 17. Calculate i(-6).
-49
Let u(g) = 16*g + 5. What is u(-7)?
-107
Let l(w) = 2*w - 39. Determine l(16).
-7
Let y(t) = t**2 + 24*t + 7. Give y(-23).
-16
Let p(a) = 9*a - 1. Calculate p(6).
53
Let a(w) = -3*w**2 + 63*w + 209. Give a(-3).
-7
Let q(l) = 5*l - 2. Calculate q(10).
48
Let a(x) = -x. What is a(-1)?
1
Let v(l) = -l. What is v(-12)?
12
Let j(c) = -12*c + 22. What is j(3)?
-14
Let a(g) = g**2 - 3*g - 5. What is a(-2)?
5
Let a(b) = -7*b**2 - 28*b - 7. What is a(-4)?
-7
Let b(u) = -u**2 - 12*u + 80. What is b(5)?
-5
Let p(b) = b**2 - 27*b + 47. Determine p(25).
-3
Let j(f) = 35*f**2 + 2*f + 1. What is j(-1)?
34
Let o(w) = -30*w - 813. What is o(-27)?
-3
Let o(d) = 16*d**2 - 2. Calculate o(2).
62
Let z(g) = 91*g. Calculate z(1).
91
Let p(k) = 4*k - 2. Give p(8).
30
Let v(b) = -4*b + 68. Determine v(17).
0
Let z(j) = 15*j - 47. Give z(-6).
-137
Let c(h) = -2*h**2 + 12*h - 18. Determine c(2).
-2
Let u(i) = -i + 6. Calculate u(0).
6
Let q(l) = -l**3 - 20*l**2 - 15*l + 57. Determine q(-19).
-19
Let y(h) = -7*h**2 + 75*h. What is y(11)?
-22
Let n(a) = a**3 - 7*a**2 + 3*a - 2. What is n(7)?
19
Let l(h) = -h**2 - 3*h + 105. Determine l(-12).
-3
Let h(m) = m**2 - 6*m - 9. Give h(8).
7
Let o(u) = -u**2 + 8*u - 9. What is o(8)?
-9
Let y(g) = g**2 + g + 1. Calculate y(-1).
1
Let h(d) = -d**3 - 2*d + 18. Calculate h(0).
18
Let a(z) = 16*z + 5. What is a(2)?
37
Let g(u) = -u**3 + 4*u**2 - 6*u + 6. Determine g(3).
-3
Let p(u) = u**2 + u - 1. Determine p(-3).
5
Let y(w) = w**3 - 2*w**2 - 50*w + 11. Determine y(8).
-5
Let u(b) = -3*b**2 - 29*b - 15. Give u(-9).
3
Let q(g) = -g**2 + g + 10. What is q(-5)?
-20
Let f(j) = -j**3 - 17*j**2 + 8. What is f(-17)?
8
Let s(o) = -5*o + 46. Give s(9).
1
Let h(r) = r**3 + r - 3. Determine h(-2).
-13
Let a(s) = s**3 + 10*s**2 - 3*s + 28. Calculate a(-10).
58
Let 